 (-12)/8*3*124/(-18). Suppose 36*z = p*z + 1895. Is z prime?
True
Suppose 0 = g - 144*g + 32246357. Is g prime?
True
Suppose 32*y - 37*y = -1210. Suppose 4*p = -3*o + y, 4*p - 44 = -o + 194. Is p a prime number?
True
Let d(h) = 13428*h**2 + 28*h + 65. Is d(-6) a composite number?
True
Let c be (-4)/(8/(-7826)) - (-24)/8. Suppose 12*w - c = 11*w. Suppose 3916 = 4*k + j, 5*k = k + 5*j + w. Is k a composite number?
True
Let v(h) = 4*h - h**2 + 11*h + 23 - 16*h. Let o be v(-7). Let s = o - -506. Is s composite?
False
Suppose 0 = 13*i + 19*i - 561920. Suppose u + i = 4*c, 5*c - 11*u = -10*u + 21951. Is c prime?
True
Let w(s) = -67*s**3 - 19*s**2 - 82*s + 37. Is w(-13) prime?
True
Suppose -88*t - 13*t + 3298549 + 5153434 = 0. Is t a prime number?
False
Suppose -3*z + 27342 = 3*g + 3081, 0 = 3*g + 2*z - 24264. Suppose 5*w + g = 10*w. Is w a composite number?
True
Suppose -3*l + 21780 = -2*c + 90793, 3*c - 103477 = -4*l. Is c prime?
True
Let t = 333703 + -159384. Is t prime?
False
Suppose 8 = -2*l, -47 = -5*m - l - l. Let d(w) = -5*w**2 - 7*w + 12. Let p be d(m). Let f = 281 - p. Is f prime?
False
Suppose 2*i + 317916 = 4*n, -9*n - 397425 = -14*n - 5*i. Is n prime?
True
Suppose 3*u - 1665299 = 4*h, u - 731410 = 2*h - 176315. Is u a prime number?
True
Let o(k) = 2*k - 3 - 8*k**2 + 3*k**2 + 2 - k**3 - 2. Suppose 4*a - m + 42 = -0*a, 5*a + 51 = 2*m. Is o(a) prime?
True
Suppose -5*o - 3*x - 43652 = -0*x, -3*o - 26192 = 2*x. Let v be (-15)/1*(3 + 814). Let a = o - v. Is a composite?
False
Suppose 5*z = 5*f - 2*f - 19546, 4*f = 4*z + 26072. Let w be (1 + 1/(-2))*f. Suppose -i + w = 2*i. Is i a composite number?
False
Suppose -c = -4*a - 1262, 0 = -2*c - c - 2*a + 3800. Suppose -c = -5*i + 1289. Is i a composite number?
True
Let r be 20/(-30)*45/(-3). Is (-3)/(-1 - -10)*(-8730)/r composite?
True
Let z(p) = p**3 + p**2 + 13*p - 3. Let g be z(4). Let j be (-71)/(3/3)*1. Let s = j + g. Is s a prime number?
False
Let d(j) = -j**2. Let z(b) = 20*b**3 - 2*b**2 + 3*b + 5. Let x(r) = -4*d(r) - z(r). Let p be x(-5). Let c = p - 1223. Is c composite?
True
Let d(s) = -6*s**3 + 5*s**2 + 6*s + 6. Let k be d(-3). Let q be k + ((-8)/(-10))/((-4)/(-10)). Let t = q - -332. Is t a composite number?
True
Let l be 15 + -8 + -5 - 14403. Let i = l + 31650. Is i composite?
True
Let r(n) = 115*n - 12. Let p be r(5). Let u = 1586 + p. Is u a prime number?
False
Let l = -88 + 92. Let q(n) = 2984*n**2 - 2*n + 5. Let b(t) = 2984*t**2 - t + 4. Let m(p) = l*b(p) - 3*q(p). Is m(-1) a prime number?
False
Suppose -4*u + 0*j + 2*j + 8 = 0, 3*j + 12 = 3*u. Suppose 2*f - 7*l + 3*l + 4 = u, 0 = 5*f - 2*l - 6. Suppose -892 = f*x - 6*x. Is x composite?
False
Is 153649 + ((1 - -4) + 4 - 9) composite?
False
Suppose i - 307*z = -311*z + 50403, -4*i + 3*z = -201688. Is i a prime number?
False
Let y(x) = -139*x + 72797. Is y(0) a prime number?
True
Let a(g) = -g**2 + 9*g - 30. Let d be a(5). Is 7 + (-3695)/d*12 a composite number?
False
Let w be (-1)/(4/16114)*(-16)/28. Suppose -6*d = -2*d - u - 4586, 2*d - w = -4*u. Is d prime?
False
Let o = -92343 - -134380. Is o composite?
True
Let s = 160168 + 103431. Is s a prime number?
False
Suppose 5*o + 725 = -910. Let p = -189 - -331. Let t = p - o. Is t prime?
False
Let i(u) = 18*u**3 - 17*u**2 + 2*u + 53. Is i(16) composite?
True
Suppose 4*z + 8654 = -5*i, 0*i - 3457 = 2*i - 3*z. Let g = i + 5491. Is g prime?
True
Suppose -d + 3958 = 3*a, -4*d = -5*a - 2356 - 13561. Is d prime?
False
Let a be 1225/(-2)*(8/(-10) + 0). Suppose -a = 8*r - 18*r. Suppose 0 = 48*m - r*m + 257. Is m prime?
True
Suppose 4*q - 19 - 45 = 0. Suppose -p - q + 46 = s, 2*s = 5*p - 157. Is p a composite number?
False
Let v = -58119 + 135256. Is v composite?
False
Let j(m) = 72*m**2 - 117*m + 269. Is j(22) a composite number?
True
Let f = 631622 - 331579. Is f a prime number?
True
Let y be ((-8)/(-5))/(22/1045). Let k = 150 + y. Let p = k - 129. Is p a prime number?
True
Is 8/((-2016)/(-14480532)) - (11/(-7) + 1) composite?
True
Suppose 0 = -5*d + 4*d + 39. Let s(n) = n**3 - 37*n**2 - 60*n + 133. Is s(d) a prime number?
False
Let a = -41469 - -84620. Is a prime?
True
Let a be ((-3)/(-6))/(2 + (-150)/76). Let p = a - 14. Is -3 + (p - 2) + 1691 a prime number?
False
Suppose -67*k = -39216 - 52507. Is k a prime number?
False
Suppose 0 = 37*y - 44*y + 228977. Suppose -2*r = -y + 4909. Is r prime?
True
Is (-6 + (5 - 1))/9 + 50233785/189 composite?
False
Suppose -2*b + 348 = -3*b. Let l = b + 4835. Is l a composite number?
True
Let c(u) = u**3 - 2*u**2 - 5*u + 10. Let a be c(3). Suppose -5*b + 5 = 0, 0 = -9*d + a*d + b + 17134. Is d a prime number?
False
Suppose -122961 = 8*k - 503849. Is k a prime number?
False
Let a(d) = 8*d**2 - 13*d - 34. Let x be a(11). Suppose -w + x = -1102. Suppose i - w = -s, -3782 = -i - i - 3*s. Is i a composite number?
True
Let a(b) = 361 - 2*b - 717 + 385. Let i be a(13). Suppose -3*x + i*w = 6*w - 6849, 3*x + w = 6857. Is x a prime number?
True
Suppose 2*p + 0*x = x + 9, -4*x = -4*p + 28. Suppose m + 17 = -p*m - 2*i, -4*i - 13 = -m. Let d(a) = 190*a**2 - 7*a - 10. Is d(m) prime?
True
Is 2290/(-1832) + 927873/4 a composite number?
False
Suppose h = 1, 26*j + 2*h = 27*j - 537993. Is j composite?
True
Suppose 0*l + 18554 = 2*l - 2*g, 5*g - 27799 = -3*l. Suppose -5*d + 5*v + 11580 = 0, 2*v + l = 4*d + v. Is d/7 + 4/(-14) prime?
True
Let a = 42 - 41. Suppose -3*x = 5*v + a - 25, -4*x = 3*v - 32. Is (3 + -1)/x - (-3846)/8 a prime number?
False
Let c = -80 - -95. Suppose c*r - 177034 = 4*r. Let h = r - 11237. Is h composite?
True
Let u = 144 + -122. Suppose -u*p + 79845 = -7*p. Is p a prime number?
True
Suppose -3*k + 4*v - 28 = 0, k = -3*v - 5 - 13. Is (-5)/30*3 - 290802/k composite?
True
Suppose 0 = 3*k + 2*l + 40405, 3*k = 2*k - l - 13470. Let m = k - -28278. Is m composite?
False
Suppose 168 = 4*t + 2*z, 4*z = -4*t + 7*z + 148. Suppose -3641 = -3*g - 2*b, -5*b - t = -15. Is g prime?
True
Let o be (-1 + -2*26)*1 - 1. Let r = -52 - o. Suppose -3*a + 211 = -2*a - 2*j, -r*a - j = -432. Is a a prime number?
False
Suppose 6 = 3*m - 9. Let f be -1 + 299*6 + -8 + m. Suppose -f = -8*n - 2*n. Is n a composite number?
False
Let d be (-30)/(-9) - (-12)/(-36). Suppose -94 - 7171 = 2*j - d*s, 5*s = -4*j - 14585. Let b = -879 - j. Is b composite?
True
Let g(p) = 8*p**3 - 2*p**2 - 2*p - 1. Let q be g(-1). Let z be 14597/3 - (-6)/q. Suppose b = -4*b + z. Is b a prime number?
False
Let w = 175 - 203. Is (12033/w + -3)/(2/(-8)) a composite number?
True
Suppose 6*h - 93 + 3 = 0. Suppose -18*m = -h*m - 96. Is 4/m*4 - (-5906)/4 composite?
True
Let v be (-1 - (-15)/6)/((-2)/(-4)). Suppose v*u + 2*u - 4*m - 6081 = 0, 3*m = -4*u + 4871. Is u a prime number?
True
Let u(w) = 5*w**3 - 7*w**2 + 13*w - 1. Let t be u(8). Let y = t + -1022. Is y a prime number?
True
Let x = -36476 + 73729. Is x a prime number?
True
Is (-3)/(-12) - (-6)/16*(81536 + 2) a composite number?
False
Let w = 699 - 216. Let u(o) = o**2 - 6*o + 9. Let i be u(5). Suppose 782 = s + 2*s + i*d, 0 = -2*s + 5*d + w. Is s prime?
False
Let j(x) = x**2 + 11*x - 172. Let n be j(-20). Suppose 46050 = -n*a + 38*a. Is a prime?
False
Let j(g) = g**3 - 33*g**2 + g + 74149. Is j(0) a composite number?
False
Let d(u) be the first derivative of -3*u**2 + 272*u**3 - 5*u + 6999 + 20*u**3 - 7016. Is d(-1) a composite number?
False
Suppose 5*m + 2*v = 33 + 102, -4*v = 4*m - 96. Suppose -3*h = 2195 - 359. Let r = m - h. Is r prime?
True
Suppose 2*o = -4*h + 23050, -3*h + 5104 = o - 6423. Is o a composite number?
True
Let r(l) = 927*l + 32. Let c = 174 + -167. Is r(c) prime?
True
Suppose 0 = 12*p - 13*p + 890. Let n = p - 1530. Let u = n - -1701. Is u a prime number?
True
Let m(p) be the first derivative of -6 - 1/3*p**3 - p**2 + 2995*p. Is m(0) prime?
False
Let w = -82 - 546. Is 30/20*w/(-6) prime?
True
Let t be (377/78 + -5*1)*-6. Let g(f) = 1589*f**2 + 2. Is g(t) a prime number?
False
Let j = 78 + -86. Let b be 2/j - 4/((-128)/(-24)). Let k(h) = -19*h + 2. Is k(b) a composite number?
True
Let j = 546312 + -367414. Is j prime?
False
Suppose q + 4*p = 57837, p = 100*q - 98*q - 115638. Is q a prime number?
False
Let v(u) = 708*u**2 + u - 1. Let c be v(-2). Is c - 11/(55/(-20)) composite?
False
Suppose -290*o - 828632 + 26678362 = 0. Is o a pri